ctors of 104254.
2, 52127
What are the prime factors of 585?
3, 5, 13
What are the prime factors of 21141?
3, 29
List the prime factors of 5019.
3, 7, 239
What are the prime factors of 4589?
13, 353
List the prime factors of 1038.
2, 3, 173
What are the prime factors of 264?
2, 3, 11
What are the prime factors of 896?
2, 7
What are the prime factors of 13232?
2, 827
What are the prime factors of 72?
2, 3
List the prime factors of 82853.
29, 2857
List the prime factors of 17668.
2, 7, 631
What are the prime factors of 597?
3, 199
What are the prime factors of 26848?
2, 839
List the prime factors of 16190.
2, 5, 1619
What are the prime factors of 29198?
2, 13, 1123
List the prime factors of 14855.
5, 2971
What are the prime factors of 2734?
2, 1367
List the prime factors of 6133.
6133
List the prime factors of 60542.
2, 30271
List the prime factors of 73574.
2, 36787
What are the prime factors of 3316?
2, 829
What are the prime factors of 529?
23
What are the prime factors of 9711?
3, 13, 83
List the prime factors of 2678.
2, 13, 103
What are the prime factors of 19754?
2, 7, 17, 83
What are the prime factors of 2075?
5, 83
List the prime factors of 184.
2, 23
What are the prime factors of 74482?
2, 167, 223
List the prime factors of 966.
2, 3, 7, 23
What are the prime factors of 2385?
3, 5, 53
List the prime factors of 87914.
2, 113, 389
List the prime factors of 40576.
2, 317
List the prime factors of 966.
2, 3, 7, 23
What are the prime factors of 11891?
11, 23, 47
What are the prime factors of 897?
3, 13, 23
What are the prime factors of 424?
2, 53
What are the prime factors of 441?
3, 7
What are the prime factors of 103256?
2, 12907
What are the prime factors of 60565?
5, 12113
What are the prime factors of 130556?
2, 127, 257
What are the prime factors of 1167?
3, 389
List the prime factors of 1898.
2, 13, 73
What are the prime factors of 4761?
3, 23
What are the prime factors of 172439?
172439
List the prime factors of 839.
839
What are the prime factors of 3135?
3, 5, 11, 19
List the prime factors of 1447.
1447
List the prime factors of 29825.
5, 1193
List the prime factors of 1449.
3, 7, 23
List the prime factors of 12445.
5, 19, 131
List the prime factors of 2205.
3, 5, 7
List the prime factors of 8920.
2, 5, 223
List the prime factors of 2303.
7, 47
List the prime factors of 197.
197
What are the prime factors of 55133?
13, 4241
What are the prime factors of 29288?
2, 7, 523
List the prime factors of 10486.
2, 7, 107
List the prime factors of 527.
17, 31
List the prime factors of 1585.
5, 317
List the prime factors of 1218.
2, 3, 7, 29
List the prime factors of 15371.
19, 809
What are the prime factors of 2006?
2, 17, 59
What are the prime factors of 7027?
7027
List the prime factors of 584.
2, 73
List the prime factors of 183621.
3, 97, 631
List the prime factors of 6490.
2, 5, 11, 59
List the prime factors of 3207.
3, 1069
List the prime factors of 21425.
5, 857
List the prime factors of 4020.
2, 3, 5, 67
What are the prime factors of 332?
2, 83
What are the prime factors of 1406?
2, 19, 37
List the prime factors of 595.
5, 7, 17
List the prime factors of 37308.
2, 3, 3109
What are the prime factors of 89992?
2, 7, 1607
List the prime factors of 53264.
2, 3329
What are the prime factors of 3284?
2, 821
List the prime factors of 8477.
7, 173
List the prime factors of 23650.
2, 5, 11, 43
List the prime factors of 9122.
2, 4561
What are the prime factors of 25040?
2, 5, 313
What are the prime factors of 1857?
3, 619
List the prime factors of 22799.
7, 3257
List the prime factors of 19809.
3, 31, 71
List the prime factors of 28436.
2, 7109
What are the prime factors of 1042?
2, 521
List the prime factors of 7781.
31, 251
List the prime factors of 807.
3, 269
List the prime factors of 1310.
2, 5, 131
What are the prime factors of 8020?
2, 5, 401
What are the prime factors of 2962?
2, 1481
List the prime factors of 11499.
3, 3833
List the prime factors of 4971.
3, 1657
What are the prime factors of 92559?
3, 30853
What are the prime factors of 937?
937
List the prime factors of 1085.
5, 7, 31
List the prime factors of 18266.
2, 9133
List the prime factors of 20934.
2, 3, 1163
What are the prime factors of 39408?
2, 3, 821
What are the prime factors of 3196?
2, 17, 47
List the prime factors of 38292.
2, 3, 3191
List the prime factors of 12742.
2, 23, 277
List the prime factors of 75949.
53, 1433
List the prime factors of 952.
2, 7, 17
List the prime factors of 310.
2, 5, 31
What are the prime factors of 17786?
2, 8893
List the prime factors of 22475.
5, 29, 31
List the prime factors of 7699.
7699
What are the prime factors of 1426?
2, 23, 31
List the prime factors of 84602.
2, 7, 6043
What are the prime factors of 77070?
2, 3, 5, 7, 367
List the prime factors of 661.
661
What are the prime factors of 11989?
19, 631
What are the prime factors of 3509?
11, 29
List the prime factors of 47142.
2, 3, 97
List the prime factors of 230.
2, 5, 23
List the prime factors of 568.
2, 71
What are the prime factors of 6961?
6961
What are the prime factors of 14018?
2, 43, 163
What are the prime factors of 20252?
2, 61, 83
What are the prime factors of 1599?
3, 13, 41
List the prime factors of 35199.
3, 3911
What are the prime factors of 1163?
1163
What are the prime factors of 10927?
7, 223
What are the prime factors of 21026?
2, 10513
What are the prime factors of 20477?
20477
List the prime factors of 13406.
2, 6703
What are the prime factors of 13284?
2, 3, 41
List the prime factors of 2627.
37, 71
List the prime factors of 4649.
4649
List the prime factors of 6008.
2, 751
What are the prime factors of 43350?
2, 3, 5, 17
What are the prime factors of 89016?
2, 3, 3709
List the prime factors of 72.
2, 3
What are the prime factors of 1147?
31, 37
What are the prime factors of 6555?
3, 5, 19, 23
List the prime factors of 7419.
3, 2473
List the prime factors of 2615.
5, 523
What are the prime factors of 714?
2, 3, 7, 17
What are the prime factors of 1561?
7, 223
List the prime factors of 2900.
2, 5, 29
What are the prime factors of 1498?
2, 7, 107
What are the prime factors of 178839?
3, 31, 641
What are the prime factors of 140?
2, 5, 7
List the prime factors of 1294.
2, 647
What are the prime factors of 5290?
2, 5, 23
List the prime factors of 64986.
2, 3, 10831
List the prime factors of 16911.
3, 1879
What are the prime factors of 7198?
2, 59, 61
List the prime factors of 6369.
3, 11, 193
What are the prime factors of 136278?
2, 3, 67, 113
What are the prime factors of 1586?
2, 13, 61
List the prime factors of 13028.
2, 3257
What are the prime factors of 8768?
2, 137
What are the prime factors of 1777?
1777
What are the prime factors of 150316?
2, 37579
List the prime factors of 330.
2, 3, 5, 11
What are the prime factors of 18013?
18013
List the prime factors of 24859.
24859
What are the prime factors of 302?
2, 151
List the prime factors of 722.
2, 19
What are the prime factors of 9491?
9491
List the prime factors of 79121.
7, 89, 127
What are the prime factors of 3747?
3, 1249
List the prime factors of 165.
3, 5, 11
List the prime factors of 727.
727
List the prime factors of 88466.
2, 7, 71, 89
List the prime factors of 34221.
3, 11, 17, 61
List the prime factors of 28462.
2, 7, 19, 107
List the prime factors of 1331.
11
List the prime factors of 160446.
2, 3, 11, 13, 17
List the prime factors of 15746.
2, 7873
What are the prime factors of 24623?
24623
What are the prime factors of 21741?
3, 7247
What are the prime factors of 43579?
43579
What are the prime factors of 17852?
2, 4463
List the prime factors of 582.
2, 3, 97
What are the prime factors of 72189?
3, 13, 617
List the prime factors of 2691.
3, 13, 23
What are the prime factors of 1458?
2, 3
What are the prime factors of 7578?
2, 3, 421
List the prime factors of 1135.
5, 227
What are the prime factors of 5060?
2, 5, 11, 23
List the prime factors of 5840.
2, 5, 73
What are the prime factors of 52091?
13, 4007
What are the prime factors of 1707?
3, 569
What are the prime factors of 2637?
3, 293
What are the prime factors of 49548?
2, 3, 4129
List the prime factors of 86266.
2, 43133
What are the prime factors of 751?
751
What are the prime factors of 6256?
2, 17, 23
What are the prime f